hat is the thousands digit of 990057860?
7
What is the ten millions digit of 167076770?
6
What is the thousands digit of 2883617349?
7
What is the billions digit of 1051975119?
1
What is the tens digit of 4333154064?
6
What is the millions digit of 60467350?
0
What is the hundred millions digit of 366074175?
3
What is the units digit of 3878945598?
8
What is the millions digit of 3332923629?
2
What is the ten thousands digit of 153521001?
2
What is the thousands digit of 76069455?
9
What is the ten thousands digit of 124059214?
5
What is the ten thousands digit of 22392724?
9
What is the millions digit of 37773126?
7
What is the tens digit of 485864942?
4
What is the hundreds digit of 360615051?
0
What is the units digit of 30618633?
3
What is the billions digit of 1103497327?
1
What is the tens digit of 2097974777?
7
What is the units digit of 3548845474?
4
What is the tens digit of 30493712?
1
What is the hundred thousands digit of 451553475?
5
What is the ten thousands digit of 283062108?
6
What is the hundred thousands digit of 72583552?
5
What is the ten millions digit of 173395546?
7
What is the tens digit of 962309535?
3
What is the units digit of 153525746?
6
What is the tens digit of 28989719?
1
What is the tens digit of 395070743?
4
What is the hundreds digit of 59341698?
6
What is the millions digit of 165773253?
5
What is the units digit of 2309829640?
0
What is the millions digit of 1096062330?
6
What is the ten millions digit of 36345962?
3
What is the units digit of 2708844781?
1
What is the thousands digit of 6016994237?
4
What is the hundred millions digit of 104353818?
1
What is the hundreds digit of 2718708374?
3
What is the ten millions digit of 161932542?
6
What is the units digit of 9607212?
2
What is the tens digit of 370242204?
0
What is the thousands digit of 209034589?
4
What is the tens digit of 467197704?
0
What is the ten millions digit of 884480658?
8
What is the hundred thousands digit of 12070029?
0
What is the hundred thousands digit of 4622752863?
7
What is the hundred millions digit of 221308885?
2
What is the ten millions digit of 376047682?
7
What is the millions digit of 42351839?
2
What is the hundreds digit of 202079666?
6
What is the tens digit of 90868163?
6
What is the hundred thousands digit of 49083460?
0
What is the thousands digit of 196785933?
5
What is the hundred thousands digit of 53696370?
6
What is the ten millions digit of 51303701?
5
What is the hundreds digit of 38818113?
1
What is the units digit of 55044018?
8
What is the ten thousands digit of 1830366300?
6
What is the hundred thousands digit of 460557697?
5
What is the hundred thousands digit of 191840147?
8
What is the thousands digit of 48026003?
6
What is the ten thousands digit of 2437410910?
1
What is the hundreds digit of 7246027?
0
What is the ten thousands digit of 99077160?
7
What is the thousands digit of 71640960?
0
What is the millions digit of 5855906941?
5
What is the tens digit of 1236781009?
0
What is the ten thousands digit of 40455760?
5
What is the hundreds digit of 5479128?
1
What is the ten millions digit of 244894419?
4
What is the hundreds digit of 3224927578?
5
What is the hundred thousands digit of 1444193561?
1
What is the ten thousands digit of 2884076281?
7
What is the ten millions digit of 4963286945?
6
What is the thousands digit of 3530897921?
7
What is the ten thousands digit of 829618945?
1
What is the units digit of 129704496?
6
What is the ten thousands digit of 977551446?
5
What is the units digit of 1787641438?
8
What is the units digit of 9140233?
3
What is the ten millions digit of 217292458?
1
What is the millions digit of 54375447?
4
What is the hundreds digit of 66894946?
9
What is the hundred millions digit of 2454704576?
4
What is the tens digit of 742420487?
8
What is the hundred thousands digit of 2809517746?
5
What is the hundred millions digit of 212548215?
2
What is the units digit of 689216545?
5
What is the hundred thousands digit of 101706317?
7
What is the thousands digit of 448850207?
0
What is the hundred millions digit of 3280209201?
2
What is the millions digit of 142300061?
2
What is the hundred thousands digit of 201012335?
0
What is the ten millions digit of 25309788?
2
What is the units digit of 798697603?
3
What is the hundreds digit of 1033645136?
1
What is the hundreds digit of 625885106?
1
What is the tens digit of 504064045?
4
What is the ten millions digit of 14357275?
1
What is the ten thousands digit of 4889869636?
6
What is the millions digit of 805649576?
5
What is the millions digit of 320271032?
0
What is the ten thousands digit of 1270979577?
7
What is the ten thousands digit of 54278396?
7
What is the tens digit of 3670009969?
6
What is the ten millions digit of 45381165?
4
What is the units digit of 3616713134?
4
What is the thousands digit of 211403430?
3
What is the hundred thousands digit of 960810479?
8
What is the ten thousands digit of 105219473?
1
What is the hundreds digit of 79496232?
2
What is the hundreds digit of 135177458?
4
What is the hundred millions digit of 700023205?
7
What is the millions digit of 32382132?
2
What is the tens digit of 1479029?
2
What is the tens digit of 179128927?
2
What is the ten thousands digit of 1143390150?
9
What is the hundred thousands digit of 151662136?
6
What is the hundreds digit of 77607058?
0
What is the ten thousands digit of 261125215?
2
What is the hundreds digit of 171178461?
4
What is the hundreds digit of 422340268?
2
What is the millions digit of 41636985?
1
What is the tens digit of 99452184?
8
What is the units digit of 32226035?
5
What is the ten thousands digit of 399623195?
2
What is the thousands digit of 503934741?
4
What is the hundreds digit of 28166018?
0
What is the units digit of 140900519?
9
What is the units digit of 27732017?
7
What is the thousands digit of 49419219?
9
What is the units digit of 129055771?
1
What is the hundred millions digit of 1316084808?
3
What is the hundred thousands digit of 1016546114?
5
What is the thousands digit of 6224068453?
8
What is the hundreds digit of 21517205?
2
What is the hundreds digit of 4404414580?
5
What is the units digit of 4301150590?
0
What is the thousands digit of 60849053?
9
What is the billions digit of 1321764932?
1
What is the ten thousands digit of 14494266?
9
What is the ten thousands digit of 351119825?
1
What is the units digit of 19024824?
4
What is the units digit of 550243919?
9
What is the ten thousands digit of 170051617?
5
What is the hundreds digit of 2816533826?
8
What is the hundreds digit of 983851866?
8
What is the ten thousands digit of 61347803?
4
What is the hundred thousands digit of 36955293?
9
What is the hundred millions digit of 169376987?
1
What is the millions digit of 25079467?
5
What is the units digit of 91688040?
0
What is the ten millions digit of 305447205?
0
What is the hundred thousands digit of 4211789519?
7
What is the tens digit of 1269498972?
7
What is the thousands digit of 2058385550?
5
What is the millions digit of 613904103?
3
What is the hundreds digit of 181619503?
5
What is the hundred millions digit of 1078503506?
0
What is the thousands digit of 571214130?
4
What is the hundred thousands digit of 2479190722?
1
What is the tens digit of 10626760?
6
What is the hundreds digit of 193427833?
8
What is the hundred thousands digit of 1196759013?
7
What is the units digit of 1302369973?
3
What is the thousands digit of 135852144?
2
What is the hundred millions digit of 416017738?
4
What is the ten thousands digit of 1587707082?
0
What is the hundred thousands digit of 54856725?
8
What is the units digit of 140778214?
4
What is the millions digit of 16652169?
6
What is the units digit of 3314419750?
0
What is the hundred millions digit of 3395924878?
3
What is the hundreds digit of 56688467?
4
What is the hundreds digit of 227546256?
2
What is the units digit of 2924587173?
3
What is the hundred millions digit of 272106955?
2
What is the millions digit of 72787523?
2
What is the ten millions digit of 491839482?
9
What is the hundreds digit of 327920936?
9
What is the ten millions digit of 1175346974?
7
What is the units digit of 192766293?
3
What is the hundred thousands digit of 12476866?
4
Wh